t of 9717?
7
What is the units digit of 744?
4
What is the thousands digit of 28438?
8
What is the hundreds digit of 30380?
3
What is the hundreds digit of 134?
1
What is the hundreds digit of 55363?
3
What is the tens digit of 1359?
5
What is the tens digit of 434?
3
What is the hundreds digit of 6049?
0
What is the tens digit of 126008?
0
What is the tens digit of 700?
0
What is the ten thousands digit of 10568?
1
What is the tens digit of 13543?
4
What is the hundreds digit of 93365?
3
What is the units digit of 26620?
0
What is the thousands digit of 2802?
2
What is the thousands digit of 15630?
5
What is the hundreds digit of 46638?
6
What is the units digit of 1048?
8
What is the tens digit of 2268?
6
What is the hundreds digit of 2006?
0
What is the tens digit of 2866?
6
What is the units digit of 88058?
8
What is the hundreds digit of 5023?
0
What is the tens digit of 5349?
4
What is the thousands digit of 2389?
2
What is the thousands digit of 3937?
3
What is the units digit of 1539?
9
What is the hundreds digit of 9016?
0
What is the units digit of 670?
0
What is the hundreds digit of 393?
3
What is the tens digit of 2713?
1
What is the units digit of 294?
4
What is the tens digit of 1951?
5
What is the units digit of 294?
4
What is the thousands digit of 2594?
2
What is the hundred thousands digit of 143260?
1
What is the units digit of 332?
2
What is the units digit of 3034?
4
What is the hundreds digit of 5871?
8
What is the thousands digit of 3534?
3
What is the tens digit of 5424?
2
What is the units digit of 23222?
2
What is the hundreds digit of 68670?
6
What is the thousands digit of 53707?
3
What is the units digit of 131944?
4
What is the thousands digit of 1294?
1
What is the hundreds digit of 744?
7
What is the units digit of 5662?
2
What is the thousands digit of 2612?
2
What is the units digit of 76?
6
What is the tens digit of 25492?
9
What is the tens digit of 146?
4
What is the tens digit of 530?
3
What is the units digit of 32747?
7
What is the units digit of 929?
9
What is the hundreds digit of 21700?
7
What is the units digit of 40?
0
What is the tens digit of 16?
1
What is the tens digit of 13965?
6
What is the hundreds digit of 1066?
0
What is the hundreds digit of 2971?
9
What is the hundreds digit of 5507?
5
What is the units digit of 21198?
8
What is the units digit of 5084?
4
What is the ten thousands digit of 41083?
4
What is the hundreds digit of 1138?
1
What is the thousands digit of 23976?
3
What is the ten thousands digit of 18584?
1
What is the hundreds digit of 1661?
6
What is the hundreds digit of 2336?
3
What is the units digit of 77412?
2
What is the ten thousands digit of 30384?
3
What is the hundreds digit of 2708?
7
What is the hundreds digit of 4306?
3
What is the hundreds digit of 395?
3
What is the thousands digit of 37245?
7
What is the tens digit of 1896?
9
What is the tens digit of 12508?
0
What is the thousands digit of 11281?
1
What is the units digit of 206?
6
What is the thousands digit of 19908?
9
What is the tens digit of 7405?
0
What is the units digit of 25938?
8
What is the units digit of 12538?
8
What is the units digit of 5436?
6
What is the thousands digit of 10722?
0
What is the units digit of 7153?
3
What is the thousands digit of 9473?
9
What is the ten thousands digit of 11610?
1
What is the thousands digit of 13290?
3
What is the units digit of 175?
5
What is the tens digit of 19002?
0
What is the hundreds digit of 38019?
0
What is the hundreds digit of 1561?
5
What is the hundreds digit of 1650?
6
What is the hundreds digit of 48431?
4
What is the tens digit of 493?
9
What is the hundreds digit of 4438?
4
What is the units digit of 4170?
0
What is the thousands digit of 18460?
8
What is the ten thousands digit of 58039?
5
What is the thousands digit of 146095?
6
What is the thousands digit of 18424?
8
What is the hundreds digit of 717?
7
What is the units digit of 170?
0
What is the hundreds digit of 1309?
3
What is the tens digit of 32102?
0
What is the units digit of 999?
9
What is the units digit of 26583?
3
What is the hundreds digit of 43070?
0
What is the thousands digit of 1280?
1
What is the thousands digit of 2787?
2
What is the tens digit of 7934?
3
What is the thousands digit of 6090?
6
What is the ten thousands digit of 16338?
1
What is the units digit of 157?
7
What is the hundreds digit of 2306?
3
What is the hundreds digit of 388?
3
What is the units digit of 1453?
3
What is the hundreds digit of 141?
1
What is the thousands digit of 8807?
8
What is the tens digit of 438?
3
What is the thousands digit of 2779?
2
What is the hundreds digit of 11476?
4
What is the ten thousands digit of 40124?
4
What is the hundreds digit of 7691?
6
What is the thousands digit of 3048?
3
What is the units digit of 294?
4
What is the hundreds digit of 682?
6
What is the units digit of 42899?
9
What is the hundreds digit of 4239?
2
What is the ten thousands digit of 36300?
3
What is the thousands digit of 1888?
1
What is the units digit of 3592?
2
What is the units digit of 58?
8
What is the thousands digit of 180704?
0
What is the hundreds digit of 1278?
2
What is the tens digit of 32507?
0
What is the units digit of 1119?
9
What is the tens digit of 139?
3
What is the thousands digit of 95689?
5
What is the tens digit of 170?
7
What is the tens digit of 10544?
4
What is the hundreds digit of 648?
6
What is the units digit of 321?
1
What is the thousands digit of 1101?
1
What is the hundreds digit of 524?
5
What is the thousands digit of 5097?
5
What is the tens digit of 1037?
3
What is the units digit of 4330?
0
What is the tens digit of 66040?
4
What is the units digit of 1714?
4
What is the units digit of 5833?
3
What is the hundreds digit of 21324?
3
What is the units digit of 23748?
8
What is the tens digit of 4213?
1
What is the thousands digit of 31022?
1
What is the tens digit of 935?
3
What is the units digit of 1956?
6
What is the tens digit of 1683?
8
What is the hundreds digit of 4232?
2
What is the units digit of 14685?
5
What is the units digit of 3381?
1
What is the hundreds digit of 580?
5
What is the hundreds digit of 33639?
6
What is the hundreds digit of 36671?
6
What is the units digit of 884?
4
What is the units digit of 191334?
4
What is the hundreds digit of 2763?
7
What is the ten thousands digit of 161643?
6
What is the ten thousands digit of 24494?
2
What is the hundreds digit of 351?
3
What is the units digit of 33739?
9
What is the tens digit of 60246?
4
What is the thousands digit of 161046?
1
What is the hundreds digit of 5909?
9
What is the thousands digit of 5290?
5
What is the hundreds digit of 1110?
1
What is the hundreds digit of 479?
4
What is the units digit of 579?
9
What is the hundreds digit of 6336?
3
What is the tens digit of 1413?
1
What is the thousands digit of 12162?
2
What is the tens digit of 80775?
7
What is the thousands digit of 2202?
2
What is the units digit of 6696?
6
What is the units digit of 332?
2
What is the hundreds digit of 3372?
3
What is the hundreds digit of 103794?
7
What is the tens digit of 701?
0
What is the units digit of 22?
2
What is the units digit of 15715?
5
What is the tens digit of 178?
7
What is the units digit of 43630?
0
What is the hundreds digit of 21156?
1
What is the thousands digit of 3047?
3
What is the ten thousands digit of 123481?
2
What is the hundreds digit of 1128?
1
What is the units digit of 1419?
9
What is the tens digit of 1160?
6
What is the tens digit of 4068?
6
What is the thousands digit of 182583?
2
What is the thousands digit of 2323?
2
What is the hundreds digit of 1365?
3
What is the tens digit of 304?
0
What is the hundreds digit of 9509?
5
What is the hundreds digit of 1574?
5
What is the thousands digit of 54616?
4
What is the thousands digit of 58483?
8
What is the units digit of 13513?
3
What is the units digit of 6332?
2
What is the thousands digit of 7826?
7
What is the ten thousands digit of 44509?
4
What is the units digit of 697?
7
What is the units digit of 30776?
6
What is the units digit of 37281?
1
What is the hundreds digit of 17180?
1
What is the hundreds digit of 21496?
4
What is the tens digit of 524?
2
What is the hundreds digit of 7042?
0
What is the 